{"id":302,"date":"2019-06-24T15:07:20","date_gmt":"2019-06-24T12:07:20","guid":{"rendered":"https:\/\/keila.dev.modify.fi\/?page_id=302"},"modified":"2025-01-03T16:16:47","modified_gmt":"2025-01-03T14:16:47","slug":"aulapelit","status":"publish","type":"page","link":"https:\/\/keila.dev.modify.fi\/?page_id=302","title":{"rendered":"Aulapelit"},"content":{"rendered":"<p>[et_pb_section fb_built=&#8221;1&#8243; fullwidth=&#8221;on&#8221; _builder_version=&#8221;4.16&#8243; global_colors_info=&#8221;{}&#8221;][\/et_pb_section][et_pb_section fb_built=&#8221;1&#8243; _builder_version=&#8221;4.16&#8243; global_colors_info=&#8221;{}&#8221;][et_pb_row _builder_version=&#8221;4.16&#8243; global_colors_info=&#8221;{}&#8221;][et_pb_column type=&#8221;4_4&#8243; _builder_version=&#8221;4.16&#8243; custom_padding=&#8221;|||&#8221; global_colors_info=&#8221;{}&#8221; custom_padding__hover=&#8221;|||&#8221;][et_pb_text _builder_version=&#8221;4.16&#8243; header_font=&#8221;Alegreya Sans||||||||&#8221; inline_fonts=&#8221;Anton&#8221; global_colors_info=&#8221;{}&#8221;]<\/p>\n<h1>Aulapelit<\/h1>\n<p>[\/et_pb_text][et_pb_text _builder_version=&#8221;4.16&#8243; global_colors_info=&#8221;{}&#8221;]<\/p>\n<p>Walhallissa voit keilailun lis\u00e4ksi pelata my\u00f6s muita pelej\u00e4. Haasta kaverisi biljardiin, shuffleboardiin, dartsiin tai ilmakiekkoon! Hallilta l\u00f6yd\u00e4t my\u00f6s Full Swing -golfsimulaattorin!<\/p>\n<p>Kaikki aulapelit veloitetaan pelattujen minuuttien mukaisesti, joten voit pelata juuri niin kauan kuin itse haluat.<\/p>\n<p>[\/et_pb_text][\/et_pb_column][\/et_pb_row][et_pb_row _builder_version=&#8221;4.16&#8243; global_colors_info=&#8221;{}&#8221;][et_pb_column type=&#8221;4_4&#8243; _builder_version=&#8221;4.16&#8243; global_colors_info=&#8221;{}&#8221;][et_pb_text _builder_version=&#8221;4.27.4&#8243; global_colors_info=&#8221;{}&#8221;]<\/p>\n<h2>Full Swing Golfsimulaattori<\/h2>\n<p>Hallissa k\u00e4ytett\u00e4viss\u00e4 golfsimulaattori, kun kelit eiv\u00e4t anna my\u00f6den ulkona pelaamiseen.<\/p>\n<p>HUOM! Toistaiseksi pelaamaan p\u00e4\u00e4see vain omilla mailoilla, lainamailat ovat hankinnassa.<\/p>\n<p>Hinta 20\u20ac \/ tunti<\/p>\n<p>[\/et_pb_text][et_pb_text _builder_version=&#8221;4.27.4&#8243; global_colors_info=&#8221;{}&#8221;]<\/p>\n<h2>Biljardi<\/h2>\n<p><img loading=\"lazy\" decoding=\"async\" class=\"alignright wp-image-512 size-thumbnail\" src=\"https:\/\/keila.dev.modify.fi\/wp-content\/uploads\/2019\/10\/biljardi-150x150.jpg\" alt=\"\" width=\"150\" height=\"150\" \/>Aulastamme l\u00f6yd\u00e4t kolme 9 jalan Brunswick-biljardip\u00f6yt\u00e4\u00e4.<\/p>\n<p>Hinta 13 \u20ac \/ tunti.<\/p>\n<p>Biljardip\u00f6ytien lis\u00e4ksi l\u00f6yd\u00e4t meilt\u00e4 yhden Snooker-p\u00f6yd\u00e4n.<\/p>\n<p>Hinta 16 \u20ac \/ tunti.<\/p>\n<p>[\/et_pb_text][et_pb_text _builder_version=&#8221;4.27.4&#8243; global_colors_info=&#8221;{}&#8221;]<\/p>\n<h2>Shuffleboard<\/h2>\n<p><img loading=\"lazy\" decoding=\"async\" class=\"wp-image-513 size-thumbnail alignright\" src=\"https:\/\/keila.dev.modify.fi\/wp-content\/uploads\/2019\/10\/shuffleboard-150x150.jpg\" alt=\"\" width=\"150\" height=\"150\" \/>Shuffleboard eli p\u00f6yt\u00e4curling on hauska ja yksinkertainen peli, jota voit pelata joko kaksin tai isommalla porukalla jakautumalla joukkueiksi. Varoituksen sana: t\u00e4m\u00e4 peli koukuttaa helposti!<\/p>\n<p>Hinta 13 \u20ac \/ tunti.<\/p>\n<p>[\/et_pb_text][et_pb_text _builder_version=&#8221;4.27.4&#8243; hover_enabled=&#8221;0&#8243; global_colors_info=&#8221;{}&#8221; sticky_enabled=&#8221;0&#8243;]<\/p>\n<h2>Ilmakiekko<\/h2>\n<p><img loading=\"lazy\" decoding=\"async\" class=\"wp-image-515 size-thumbnail alignright\" src=\"https:\/\/keila.dev.modify.fi\/wp-content\/uploads\/2019\/10\/ilmakiekko-150x150.jpg\" alt=\"\" width=\"150\" height=\"150\" \/>T\u00e4h\u00e4n klassikkopeliin ei kyll\u00e4sty, haasta kaverisi!<\/p>\n<p>Hinta 13 \u20ac \/ tunti.<\/p>\n<p>[\/et_pb_text][et_pb_text _builder_version=&#8221;4.27.4&#8243; hover_enabled=&#8221;0&#8243; global_colors_info=&#8221;{}&#8221; sticky_enabled=&#8221;0&#8243;]<\/p>\n<h2>Kuplal\u00e4tk\u00e4<\/h2>\n<p><img loading=\"lazy\" decoding=\"async\" class=\"wp-image-637 size-thumbnail alignright\" src=\"https:\/\/keila.dev.modify.fi\/wp-content\/uploads\/2020\/02\/kuplal\u00e4tk\u00e4-150x150.jpg\" alt=\"\" width=\"150\" height=\"150\" \/>J\u00e4\u00e4kiekon yst\u00e4ville l\u00f6ytyy aulastamme kuplal\u00e4tk\u00e4!<\/p>\n<p>Hinta 13 \u20ac \/ tunti<\/p>\n<p>[\/et_pb_text][et_pb_text _builder_version=&#8221;4.27.4&#8243; global_colors_info=&#8221;{}&#8221;]<\/p>\n<h2>Darts<\/h2>\n<p><img loading=\"lazy\" decoding=\"async\" class=\"wp-image-516 size-thumbnail alignright\" src=\"https:\/\/keila.dev.modify.fi\/wp-content\/uploads\/2019\/10\/darts-150x150.jpg\" alt=\"\" width=\"150\" height=\"150\" \/>Halliltamme l\u00f6yd\u00e4t yhteens\u00e4 seitsem\u00e4n darts-taulua, joista yhden l\u00f6yd\u00e4t aulasta, kolme alakerran kabinetissa ja kolme yl\u00e4kerran kabinetissa.<\/p>\n<p>Ilmainen ravintolan asiakkaille, muille 5\u20ac<\/p>\n<p>[\/et_pb_text][\/et_pb_column][\/et_pb_row][\/et_pb_section]<\/p>\n","protected":false},"excerpt":{"rendered":"<p>AulapelitWalhallissa voit keilailun lis\u00e4ksi pelata my\u00f6s muita pelej\u00e4. Haasta kaverisi biljardiin, shuffleboardiin, dartsiin tai ilmakiekkoon! Hallilta l\u00f6yd\u00e4t my\u00f6s Full Swing -golfsimulaattorin! Kaikki aulapelit veloitetaan pelattujen minuuttien mukaisesti, joten voit pelata juuri niin kauan kuin itse haluat.Full Swing Golfsimulaattori Hallissa k\u00e4ytett\u00e4viss\u00e4 golfsimulaattori, kun kelit eiv\u00e4t anna my\u00f6den ulkona pelaamiseen. HUOM! Toistaiseksi pelaamaan p\u00e4\u00e4see vain omilla mailoilla, [&hellip;]<\/p>\n","protected":false},"author":1,"featured_media":0,"parent":0,"menu_order":0,"comment_status":"closed","ping_status":"closed","template":"","meta":{"_et_pb_use_builder":"on","_et_pb_old_content":"","_et_gb_content_width":"","footnotes":""},"class_list":["post-302","page","type-page","status-publish","hentry"],"yoast_head":"<!-- This site is optimized with the Yoast SEO plugin v26.2 - https:\/\/yoast.com\/wordpress\/plugins\/seo\/ -->\n<title>Valkeakosken Keilahalli - Hohtokeilaus, baari, biljardi, shuffleboard<\/title>\n<meta name=\"description\" content=\"Valkeakosken Keilahallista eli Walhallista l\u00f6yd\u00e4t t\u00e4ysin remontoidut keilaradat, hohtokeilauksen, baarin ja biljardin. Meill\u00e4 my\u00f6s shuffleboard.\" \/>\n<meta name=\"robots\" content=\"index, follow, max-snippet:-1, max-image-preview:large, max-video-preview:-1\" \/>\n<link rel=\"canonical\" href=\"https:\/\/keila.dev.modify.fi\/?page_id=302\" \/>\n<meta property=\"og:locale\" content=\"fi_FI\" \/>\n<meta property=\"og:type\" content=\"article\" \/>\n<meta property=\"og:title\" content=\"Valkeakosken Keilahalli - Hohtokeilaus, baari, biljardi, shuffleboard\" \/>\n<meta property=\"og:description\" content=\"Valkeakosken Keilahallista eli Walhallista l\u00f6yd\u00e4t t\u00e4ysin remontoidut keilaradat, hohtokeilauksen, baarin ja biljardin. Meill\u00e4 my\u00f6s shuffleboard.\" \/>\n<meta property=\"og:url\" content=\"https:\/\/keila.dev.modify.fi\/?page_id=302\" \/>\n<meta property=\"og:site_name\" content=\"Valkeakosken Keilahalli\" \/>\n<meta property=\"article:modified_time\" content=\"2025-01-03T14:16:47+00:00\" \/>\n<meta property=\"og:image\" content=\"https:\/\/keila.dev.modify.fi\/wp-content\/uploads\/2019\/10\/biljardi-150x150.jpg\" \/>\n<meta name=\"twitter:card\" content=\"summary_large_image\" \/>\n<meta name=\"twitter:label1\" content=\"Arvioitu lukuaika\" \/>\n\t<meta name=\"twitter:data1\" content=\"3 minuuttia\" \/>\n<script type=\"application\/ld+json\" class=\"yoast-schema-graph\">{\"@context\":\"https:\/\/schema.org\",\"@graph\":[{\"@type\":\"WebPage\",\"@id\":\"https:\/\/keila.dev.modify.fi\/?page_id=302\",\"url\":\"https:\/\/keila.dev.modify.fi\/?page_id=302\",\"name\":\"Valkeakosken Keilahalli - Hohtokeilaus, baari, biljardi, shuffleboard\",\"isPartOf\":{\"@id\":\"https:\/\/keila.dev.modify.fi\/#website\"},\"primaryImageOfPage\":{\"@id\":\"https:\/\/keila.dev.modify.fi\/?page_id=302#primaryimage\"},\"image\":{\"@id\":\"https:\/\/keila.dev.modify.fi\/?page_id=302#primaryimage\"},\"thumbnailUrl\":\"https:\/\/keila.dev.modify.fi\/wp-content\/uploads\/2019\/10\/biljardi-150x150.jpg\",\"datePublished\":\"2019-06-24T12:07:20+00:00\",\"dateModified\":\"2025-01-03T14:16:47+00:00\",\"description\":\"Valkeakosken Keilahallista eli Walhallista l\u00f6yd\u00e4t t\u00e4ysin remontoidut keilaradat, hohtokeilauksen, baarin ja biljardin. Meill\u00e4 my\u00f6s shuffleboard.\",\"breadcrumb\":{\"@id\":\"https:\/\/keila.dev.modify.fi\/?page_id=302#breadcrumb\"},\"inLanguage\":\"fi\",\"potentialAction\":[{\"@type\":\"ReadAction\",\"target\":[\"https:\/\/keila.dev.modify.fi\/?page_id=302\"]}]},{\"@type\":\"ImageObject\",\"inLanguage\":\"fi\",\"@id\":\"https:\/\/keila.dev.modify.fi\/?page_id=302#primaryimage\",\"url\":\"https:\/\/keila.dev.modify.fi\/wp-content\/uploads\/2019\/10\/biljardi.jpg\",\"contentUrl\":\"https:\/\/keila.dev.modify.fi\/wp-content\/uploads\/2019\/10\/biljardi.jpg\",\"width\":4094,\"height\":2957},{\"@type\":\"BreadcrumbList\",\"@id\":\"https:\/\/keila.dev.modify.fi\/?page_id=302#breadcrumb\",\"itemListElement\":[{\"@type\":\"ListItem\",\"position\":1,\"name\":\"Home\",\"item\":\"https:\/\/keila.dev.modify.fi\/\"},{\"@type\":\"ListItem\",\"position\":2,\"name\":\"Aulapelit\"}]},{\"@type\":\"WebSite\",\"@id\":\"https:\/\/keila.dev.modify.fi\/#website\",\"url\":\"https:\/\/keila.dev.modify.fi\/\",\"name\":\"Valkeakosken Keilahalli\",\"description\":\"Hohtokeilaus, baari, biljardi\",\"publisher\":{\"@id\":\"https:\/\/keila.dev.modify.fi\/#organization\"},\"potentialAction\":[{\"@type\":\"SearchAction\",\"target\":{\"@type\":\"EntryPoint\",\"urlTemplate\":\"https:\/\/keila.dev.modify.fi\/?s={search_term_string}\"},\"query-input\":{\"@type\":\"PropertyValueSpecification\",\"valueRequired\":true,\"valueName\":\"search_term_string\"}}],\"inLanguage\":\"fi\"},{\"@type\":\"Organization\",\"@id\":\"https:\/\/keila.dev.modify.fi\/#organization\",\"name\":\"Valkeakosken Keilahalli\",\"url\":\"https:\/\/keila.dev.modify.fi\/\",\"logo\":{\"@type\":\"ImageObject\",\"inLanguage\":\"fi\",\"@id\":\"https:\/\/keila.dev.modify.fi\/#\/schema\/logo\/image\/\",\"url\":\"https:\/\/keila.dev.modify.fi\/wp-content\/uploads\/2019\/01\/logo-web-1.png\",\"contentUrl\":\"https:\/\/keila.dev.modify.fi\/wp-content\/uploads\/2019\/01\/logo-web-1.png\",\"width\":258,\"height\":250,\"caption\":\"Valkeakosken Keilahalli\"},\"image\":{\"@id\":\"https:\/\/keila.dev.modify.fi\/#\/schema\/logo\/image\/\"}}]}<\/script>\n<!-- \/ Yoast SEO plugin. -->","yoast_head_json":{"title":"Valkeakosken Keilahalli - Hohtokeilaus, baari, biljardi, shuffleboard","description":"Valkeakosken Keilahallista eli Walhallista l\u00f6yd\u00e4t t\u00e4ysin remontoidut keilaradat, hohtokeilauksen, baarin ja biljardin. Meill\u00e4 my\u00f6s shuffleboard.","robots":{"index":"index","follow":"follow","max-snippet":"max-snippet:-1","max-image-preview":"max-image-preview:large","max-video-preview":"max-video-preview:-1"},"canonical":"https:\/\/keila.dev.modify.fi\/?page_id=302","og_locale":"fi_FI","og_type":"article","og_title":"Valkeakosken Keilahalli - Hohtokeilaus, baari, biljardi, shuffleboard","og_description":"Valkeakosken Keilahallista eli Walhallista l\u00f6yd\u00e4t t\u00e4ysin remontoidut keilaradat, hohtokeilauksen, baarin ja biljardin. Meill\u00e4 my\u00f6s shuffleboard.","og_url":"https:\/\/keila.dev.modify.fi\/?page_id=302","og_site_name":"Valkeakosken Keilahalli","article_modified_time":"2025-01-03T14:16:47+00:00","og_image":[{"url":"https:\/\/keila.dev.modify.fi\/wp-content\/uploads\/2019\/10\/biljardi-150x150.jpg","type":"","width":"","height":""}],"twitter_card":"summary_large_image","twitter_misc":{"Arvioitu lukuaika":"3 minuuttia"},"schema":{"@context":"https:\/\/schema.org","@graph":[{"@type":"WebPage","@id":"https:\/\/keila.dev.modify.fi\/?page_id=302","url":"https:\/\/keila.dev.modify.fi\/?page_id=302","name":"Valkeakosken Keilahalli - Hohtokeilaus, baari, biljardi, shuffleboard","isPartOf":{"@id":"https:\/\/keila.dev.modify.fi\/#website"},"primaryImageOfPage":{"@id":"https:\/\/keila.dev.modify.fi\/?page_id=302#primaryimage"},"image":{"@id":"https:\/\/keila.dev.modify.fi\/?page_id=302#primaryimage"},"thumbnailUrl":"https:\/\/keila.dev.modify.fi\/wp-content\/uploads\/2019\/10\/biljardi-150x150.jpg","datePublished":"2019-06-24T12:07:20+00:00","dateModified":"2025-01-03T14:16:47+00:00","description":"Valkeakosken Keilahallista eli Walhallista l\u00f6yd\u00e4t t\u00e4ysin remontoidut keilaradat, hohtokeilauksen, baarin ja biljardin. Meill\u00e4 my\u00f6s shuffleboard.","breadcrumb":{"@id":"https:\/\/keila.dev.modify.fi\/?page_id=302#breadcrumb"},"inLanguage":"fi","potentialAction":[{"@type":"ReadAction","target":["https:\/\/keila.dev.modify.fi\/?page_id=302"]}]},{"@type":"ImageObject","inLanguage":"fi","@id":"https:\/\/keila.dev.modify.fi\/?page_id=302#primaryimage","url":"https:\/\/keila.dev.modify.fi\/wp-content\/uploads\/2019\/10\/biljardi.jpg","contentUrl":"https:\/\/keila.dev.modify.fi\/wp-content\/uploads\/2019\/10\/biljardi.jpg","width":4094,"height":2957},{"@type":"BreadcrumbList","@id":"https:\/\/keila.dev.modify.fi\/?page_id=302#breadcrumb","itemListElement":[{"@type":"ListItem","position":1,"name":"Home","item":"https:\/\/keila.dev.modify.fi\/"},{"@type":"ListItem","position":2,"name":"Aulapelit"}]},{"@type":"WebSite","@id":"https:\/\/keila.dev.modify.fi\/#website","url":"https:\/\/keila.dev.modify.fi\/","name":"Valkeakosken Keilahalli","description":"Hohtokeilaus, baari, biljardi","publisher":{"@id":"https:\/\/keila.dev.modify.fi\/#organization"},"potentialAction":[{"@type":"SearchAction","target":{"@type":"EntryPoint","urlTemplate":"https:\/\/keila.dev.modify.fi\/?s={search_term_string}"},"query-input":{"@type":"PropertyValueSpecification","valueRequired":true,"valueName":"search_term_string"}}],"inLanguage":"fi"},{"@type":"Organization","@id":"https:\/\/keila.dev.modify.fi\/#organization","name":"Valkeakosken Keilahalli","url":"https:\/\/keila.dev.modify.fi\/","logo":{"@type":"ImageObject","inLanguage":"fi","@id":"https:\/\/keila.dev.modify.fi\/#\/schema\/logo\/image\/","url":"https:\/\/keila.dev.modify.fi\/wp-content\/uploads\/2019\/01\/logo-web-1.png","contentUrl":"https:\/\/keila.dev.modify.fi\/wp-content\/uploads\/2019\/01\/logo-web-1.png","width":258,"height":250,"caption":"Valkeakosken Keilahalli"},"image":{"@id":"https:\/\/keila.dev.modify.fi\/#\/schema\/logo\/image\/"}}]}},"_links":{"self":[{"href":"https:\/\/keila.dev.modify.fi\/index.php?rest_route=\/wp\/v2\/pages\/302","targetHints":{"allow":["GET"]}}],"collection":[{"href":"https:\/\/keila.dev.modify.fi\/index.php?rest_route=\/wp\/v2\/pages"}],"about":[{"href":"https:\/\/keila.dev.modify.fi\/index.php?rest_route=\/wp\/v2\/types\/page"}],"author":[{"embeddable":true,"href":"https:\/\/keila.dev.modify.fi\/index.php?rest_route=\/wp\/v2\/users\/1"}],"replies":[{"embeddable":true,"href":"https:\/\/keila.dev.modify.fi\/index.php?rest_route=%2Fwp%2Fv2%2Fcomments&post=302"}],"version-history":[{"count":30,"href":"https:\/\/keila.dev.modify.fi\/index.php?rest_route=\/wp\/v2\/pages\/302\/revisions"}],"predecessor-version":[{"id":1258,"href":"https:\/\/keila.dev.modify.fi\/index.php?rest_route=\/wp\/v2\/pages\/302\/revisions\/1258"}],"wp:attachment":[{"href":"https:\/\/keila.dev.modify.fi\/index.php?rest_route=%2Fwp%2Fv2%2Fmedia&parent=302"}],"curies":[{"name":"wp","href":"https:\/\/api.w.org\/{rel}","templated":true}]}}